ppose 6*b = 5 + 79. Let s be ((-105)/b - -7)*0/1. Suppose -8*v + 0*v + 8472 = s. Is v a prime number?
False
Suppose 16*l = l - 6930. Is (-90)/(-22) + 10/(-110) - l composite?
True
Let u(z) = -16*z**3 + 10*z**2 + 34*z + 39. Let r be u(-9). Let x = -7606 + r. Is x a composite number?
True
Let h(c) = 193368*c**3 + 5*c**2 - 9*c + 5. Is h(1) composite?
True
Is (4 + 3 + -3)*(240414/8 + 4) prime?
True
Let x = -32 - -20. Let g = -10 - x. Is 3*(-123)/(-5 + g) a prime number?
False
Let o(a) = -a**3 + 19*a**2 - 16*a - 38. Let x be o(18). Let u be (0 - 4/x)/(2/936). Suppose u = i + 2*i + 3*d, 3*d = i - 320. Is i a prime number?
False
Let h = -31996 + 67335. Is h a composite number?
False
Let j(d) = d**2 + 13*d - 15. Let q be j(-15). Let f(w) = 170*w - 32. Let a be f(q). Let o = -897 + a. Is o prime?
True
Suppose 9573 = 3*k - 2*m, -2*k + 9573 = k + 4*m. Let f = k + -1794. Is f prime?
False
Let x be ((-2)/1)/(-2)*-27. Let b be 36/x + (-814)/6. Let s = b + 240. Is s a composite number?
False
Suppose -35*p + 139340 + 300645 = 0. Is p a prime number?
False
Is (2392 - -9) + -7 + -1 - 0/(-5) a composite number?
False
Suppose -5*g + 66 = 3*u, 88 = 4*u + 2*g - 3*g. Let i(v) = -u*v - 8*v**3 + 15 + 9*v**3 - 16*v**2 - 18. Is i(18) a composite number?
True
Let d(c) = 14*c**2 + 19*c - 10. Suppose 3*l - 3*f + 12 = 0, 7*l - f = 11*l + 41. Is d(l) prime?
True
Suppose -41 = -14*j - 153. Let s(z) = -5*z**3 + 4*z**2 + 4*z - 7. Is s(j) a composite number?
False
Suppose 1664 = -3*u - 2*y + 17049, -4*u - 3*y + 20512 = 0. Is u a composite number?
True
Suppose 0*j = -j - 5, 0 = -4*a + 4*j - 40. Let c be ((-144)/a)/((-1 - -4)/(-45)). Let n = c - -437. Is n composite?
False
Let h(g) = 3*g**3 + 34*g**2 + 10*g + 2. Let l be h(-11). Let j(u) be the first derivative of u**4/2 - 17*u**3/3 + u**2 + 6*u - 4. Is j(l) prime?
True
Suppose -199*o - 39*o + 433805218 = 0. Is o a composite number?
True
Suppose 0 + 12 = -2*l. Let g be (1 + 0)/(l - 35203/(-5867)). Suppose g = 4*r - 489. Is r composite?
True
Is (-2)/8*(-251632)/24*6 a composite number?
False
Let g(b) be the second derivative of b**5/20 + b**4 + 11*b**3/6 - b**2/2 - 15*b. Let x be g(-11). Is 311 + (-3)/(-2 - x) a prime number?
False
Suppose -54*l + 65*l - 4355254 = 817177. Is l a composite number?
True
Let u be -109*(4/24 - 206/12). Let a = 4170 - u. Is a prime?
False
Let x = -21838 + 100877. Is x a composite number?
False
Let f(r) = -8 - 21*r + 2*r + 75*r**2 - 11*r + 2*r. Is f(-7) a prime number?
True
Let d(z) = 244*z - 886*z - 1013*z + 74. Is d(-3) prime?
True
Let m(k) = -k**2 + 35*k + 54. Let j be m(36). Is (-2)/(-9) + 95180/j + 5 a prime number?
False
Suppose -5*l - 2*r + 6706943 = 0, 8265910 + 2465242 = 8*l - 4*r. Is l composite?
True
Suppose 11*y - 6*y + 477155 = 4*q, 2*q + 2*y - 238564 = 0. Is q a prime number?
False
Let t = -150097 + 258092. Is t prime?
False
Let w(z) be the first derivative of 16*z**3/3 - 14*z**2 + 35*z - 14. Is w(12) prime?
True
Let x(q) = -2*q - 42. Let c be x(-19). Let g be (c - -2)/(32/(-8336)). Let p = 162 + g. Is p a prime number?
True
Suppose -18443 = -2*w - 3*z, -52*w - 4*z - 36936 = -56*w. Is w prime?
False
Let x be 24/(-9)*(-2 + -13). Suppose -x = -6*s + s. Is (s - 1)*(67 - (0 - -6)) prime?
False
Let a(h) = 149*h + 50. Let v(z) = z**2 - 4*z - 9. Let s be v(6). Is a(s) prime?
False
Suppose v + 2*t + 668 - 1779 = 0, 0 = -v - 3*t + 1110. Suppose u - 2*u = -4*c - 551, -2*u + v = 3*c. Suppose 0 = 4*a - 9*a + u. Is a composite?
True
Suppose 15*w - 89320 = 5*w. Suppose 5*g - 22292 = 3*h, 2*g - h - 4*h - w = 0. Suppose 5*r + g = 13*r. Is r composite?
False
Is (-97673)/(-10) + (-264)/880 a prime number?
True
Let p be 161/(-46)*(-8)/7. Suppose 22*q = -p*q + 18226. Is q a composite number?
False
Suppose 4*h - 46*s - 789821 = -43*s, 3*h - 592371 = 4*s. Is h prime?
True
Let s be (-2 + 8/(-6))*3/(-2). Let a(v) = 557*v - 26. Is a(s) composite?
True
Let s = 6579 + 41179. Is s a prime number?
False
Suppose 5*n - 3*n = -6. Let s(v) = 1021*v**2 + 13*v + 47. Is s(n) prime?
False
Suppose 4*v + 2*q = 1564354, -215*v = -213*v - 2*q - 782180. Is v composite?
True
Let s = 454 - -1020. Suppose 128*v + 113 = 64*v + 65*v. Let w = s - v. Is w composite?
False
Suppose 0 = -4*t - 3*j + 411866, -329*t + 327*t + j = -205928. Is t a prime number?
False
Let k be (4*(-6911)/(-10))/(1/5). Let q = k + -9703. Is q a prime number?
False
Suppose -3*b + 3*d = 9615, -b - 3187 = 5*d - 0*d. Let u = b + 9531. Is u a prime number?
True
Let v be 7880/(-40)*(-2 + (-6)/(-1)). Let x = 1159 + v. Is x a composite number?
True
Let r(a) = 96*a**3 - 4*a**2 + a + 10. Let x = -163 + 166. Is r(x) a composite number?
True
Let o(q) = q**2 - 5*q + 7. Let h be o(6). Suppose 191 = h*c - 12*c. Is c a prime number?
True
Let d(m) = -14*m**3 + 4*m**2 - 5. Let s be 4/6 + 136/12. Suppose s = -26*c + 22*c. Is d(c) composite?
False
Suppose -4*f + 1687132 = -2*k, 0 = 12*f - 10*f - 2*k - 843566. Is f a composite number?
False
Let r = 44 - 33. Suppose -r*h + 6500 = 549. Is h composite?
False
Let l(c) = 3*c**2 + 25277. Let b be l(0). Suppose q = -4*r + b, -r + 4*q = -4570 - 1745. Is r composite?
True
Let m(l) = 34*l**2 + 37*l + 302. Is m(-13) composite?
True
Suppose 2*z = -57 + 77. Is -4*(-45)/(-72)*(-12116)/z a composite number?
True
Suppose 0 = 4*j + 5*g - 8*g - 23, 4*j - g - 13 = 0. Suppose 2*n - 1405 + 2 = -v, 5*n - 2808 = -j*v. Is v a prime number?
True
Suppose 0 = 9*m - 12*m + 9. Let a be (4/(-3))/((-1)/m). Suppose 2*t = 3*b - 635, t - a = 2*t. Is b prime?
False
Let t = 80392 - 57263. Suppose -5*n - 71750 = -5*m, 2*n - 48614 - t = -5*m. Is m a prime number?
False
Let o = 393574 - 102795. Is o composite?
True
Let c(o) = -85*o**3 - 10*o**2 + 57*o + 365. Is c(-6) a prime number?
False
Let w be (-2)/(5 - 3) + 2*2. Is (16 + 2811)/(w + -2) composite?
True
Suppose 1011079 + 811849 = 16*c. Is c composite?
False
Let w be ((-142)/8)/(6/792*-3). Let c = w - -350. Is (c/6)/(2/4) a composite number?
True
Suppose 0 = -z - 2*s - 2 - 4, 0 = 5*z + 2*s + 14. Let i be 1 - (-2 - z) - 1. Suppose i = 4*k - 1599 - 2005. Is k a composite number?
True
Let t be (-9 - -2)*(-2072 + 35). Suppose -t = -2*o + 5195. Is o a composite number?
True
Suppose 3*z - 5882 + 857 = 0. Suppose 9503 = 4*w + z. Is w prime?
False
Let z = 58 - 39. Let p = z - 13. Suppose -p*n + 260 = -2*n. Is n prime?
False
Let u(s) = -64*s**2 + 9*s + 10. Let l be u(-3). Let n = l + 1180. Is n composite?
False
Let f = -689487 - -996384. Is f a prime number?
False
Is 403232/28 + 10/(-70) a prime number?
True
Suppose -96*s - 2*s = 67*s - 16160595. Is s a prime number?
True
Let k(l) = -858*l + 32. Let a(x) = -572*x + 21. Let u(r) = -7*a(r) + 5*k(r). Let s be u(-7). Let z = 3097 - s. Is z composite?
True
Let b(s) = 18*s + 21. Let x be b(-1). Suppose -3*p + 680 = o, 2*o + 2028 = 5*o - x*p. Is o composite?
False
Let n(p) = 10376*p**2 + 117*p + 844. Is n(-7) prime?
False
Suppose 32*y - 143139 = 31*y. Is y prime?
False
Let f = -99 - -101. Let r be (1 - f)/(1/(-206)*2). Suppose 2199 + r = 2*x. Is x prime?
True
Let a be (149079/(-42))/(2*3/(-12)). Let s = 6262 + a. Is s a prime number?
False
Let x(g) be the second derivative of 3535*g**4/12 - g**3/6 + 14*g. Let j be x(1). Suppose 8*w - j = 698. Is w a prime number?
False
Suppose -4*c = -3*o - 25, 3*o + 13 = c - 0*o. Suppose 5*i = -5, 2*x - 19 = -x + c*i. Suppose a - 346 = x*k, 2*a - 650 = -5*k + k. Is a a composite number?
False
Suppose -38*a - 2*j + 2459851 = -37*a, 7*a - 17218889 = 3*j. Is a prime?
True
Let c(w) = 41 + 17 + 23 - 99*w + 15*w. Is c(-22) prime?
False
Let p(d) = -28775*d**2 - 39*d - 85. Let n(c) = 5755*c**2 + 8*c + 17. Let t(o) = 11*n(o) + 2*p(o). Is t(-2) a prime number?
True
Suppose 5*n - 481390 = 4*r - 7*r, 192556 = 2*n + 5*r. Suppose -2381 = -2*t + 2*l + 45767, 2*l = -4*t + n. Is t a composite number?
False
Suppose -3*a + 8*a - 5*z = 0, 5*z = 4*a. Suppose 2*w + 5*r - 9174 - 8459 = a, -5*r = 5*w - 44090. Is w prime?
True
Suppose 0 = -35*y + 1666656 + 7671239. Is y a prime number?
True
Suppose -5*j + 48381 = 2*g, -51749 = -5*j + 2*g - 3400. Is j prime?
False
Let c = 392 + -370. Is (2 - -10220)*11/c composite?
True
Let j be (-1458)/36*(-4)/6. Let s(y) = -41 + 40 - j*y - 63*y. Is s(-2) prime?
True
Let p(m) = 30*m**2 + 2*m + 39. Let a be p(-5). Is a/76*(0/(-2) + 28) pri